0
Suppose 4*q - 32 = 2*q. Suppose -q*i + 6 = -13*i. Suppose -46 = -i*c + 10. What is the highest common factor of c and 7?
7
Let y be 6/12 - 5/2. Let a be ((-1)/y)/(5/210). Let r be 9*-1*(-2)/6. What is the highest common divisor of a and r?
3
Let w be 3 + (2 - (-874)/2). Suppose 0 = 3*a + a + 2*n - w, 3*n + 547 = 5*a. What is the highest common factor of a and 10?
10
Suppose 0 = 22*i - 24*i + 14. Suppose 0 = -i*g + 96 + 30. What is the greatest common divisor of 234 and g?
18
Suppose 37*q - 24*q - 2847 = 0. What is the highest common divisor of q and 146?
73
Let h = -374 - -542. Suppose -3*f + 2*f = -h. Calculate the highest common divisor of 24 and f.
24
Let b(p) = 24*p - 205. Let j be b(10). Calculate the greatest common divisor of j and 40.
5
Let s(h) be the second derivative of -h**2 - 1/12*h**4 - 2*h + 3/2*h**3 + 0. Let q be s(7). Calculate the greatest common divisor of 60 and q.
12
Suppose 10*y - 51 = 29. Calculate the highest common divisor of y and 22.
2
Let w be (105/6)/5*(-72)/(-42). Calculate the highest common divisor of w and 273.
3
Suppose -2*u - 2*i = -6*i - 106, -5*i = -2*u + 110. Let a(d) = -3 + 1 + 6*d - 8*d + 4*d**2. Let x be a(-2). What is the greatest common factor of u and x?
9
Let o(j) = -j**3 - 6*j**2 - 5*j + 2. Let w be o(-5). Suppose -48 = -w*h - 8. Let b = 95 - h. Calculate the highest common factor of b and 30.
15
Let k = -58 + 59. Let z be ((-4)/3)/k*-42. What is the greatest common divisor of z and 14?
14
Let c be -5 + (5730/70 - (-5)/35). Let f = -5 - 11. Let n be f/(-2 + 0) + -1. Calculate the highest common factor of c and n.
7
Suppose y - 96 = 4*a, 2*y - 2*a - 178 + 16 = 0. Suppose 0 = 8*l + y - 636. Calculate the greatest common factor of 10 and l.
10
Suppose 0 = 221*r - 249*r + 4284. What is the highest common divisor of r and 45?
9
Suppose 0 = -4*z + z - 1419. Let c = z + 80. Let a = -118 - c. Calculate the greatest common divisor of a and 25.
25
Let m be 5 - (0 - (4 - 0)). Let d be 3*m/((-81)/(-6)). Calculate the highest common divisor of 4 and d.
2
Let r(b) be the second derivative of -b**3 + 2*b. Let y be r(-2). Let j(o) = -70*o + 1076. Let p be j(14). Calculate the greatest common factor of p and y.
12
Suppose -541 = 15*f - 901. Let j(m) = m**2 - m + 2. Suppose 5*k + 5*a = 9 + 21, 0 = -4*a + 12. Let i be j(k). Calculate the highest common divisor of f and i.
8
Suppose -3*z = -5*z + 6. Let d be (-40)/(15/z)*-8. Suppose -j + 7 = -1. Calculate the greatest common divisor of d and j.
8
Suppose 1154 = 3*r - 400. What is the highest common divisor of 37 and r?
37
Suppose 3*g - 22 + 7 = -p, 5*p = g - 5. Let t be -8 + g/((-10)/(-4)). Let x be (-122)/t - 4/12. Calculate the greatest common divisor of x and 10.
10
Let r be (-1 - (-53 - -3)) + 1. Let k be 10/r - 28/(-10). What is the highest common factor of k and 3?
3
Suppose -w - 6 = -k, -w + 2 = -2*k - 3*k. Let u(j) = -2*j - 14. Let r be u(w). What is the highest common divisor of 14 and r?
2
Let q = -1 - -3. Let f = 14 - -3. Let l = 18 - f. Calculate the highest common divisor of q and l.
1
Suppose 52 = 2*o + 2*x, 0*x + 5*x = -2*o + 40. What is the greatest common factor of o and 96?
6
Let a be 202/8 - 1/4. Suppose -2*v - 4*p - 10 = 0, -6*p - 40 = -5*v - 3*p. Calculate the greatest common factor of v and a.
5
Let q be (-30)/(-2) - (-7 + (-1 - -7)). What is the highest common divisor of 304 and q?
16
Suppose 5 + 19 = -4*k. Let i be k/(-27) + 368/(-36). Let v be i/15 + 100/6. Calculate the greatest common factor of 8 and v.
8
Let g be (0 - (2 - 4))/2. Suppose 0 = 5*i + 7 - 32. Suppose -5*b + 5*m - 5 = 0, -b - i*m - 5 = -16. Calculate the highest common divisor of g and b.
1
Let j(y) = -4*y + 4. Let g be j(-3). Let d = 32 + -20. Let v = d + 12. Calculate the greatest common divisor of g and v.
8
Let m be ((-15)/6 - -3)*(2 - -20). Calculate the highest common factor of m and 88.
11
Suppose -4*b + 2*b - z + 25 = 0, b + 5 = 3*z. Let v(a) = 2*a**2 + 5*a. Let g be v(-5). Calculate the greatest common factor of g and b.
5
Let w = 65 - -25. Let s be (-6)/(-18) + (-76)/(-6). Let k = s + -3. Calculate the greatest common divisor of w and k.
10
Let y(s) = 2*s**3 + 78*s**2 - 9*s - 71. Let r be y(-39). Calculate the highest common divisor of r and 56.
56
Let q(p) = 24*p + 3. Let t(d) = -6*d - 1. Let n(l) = 2*q(l) + 9*t(l). Let m be n(-2). Calculate the greatest common factor of m and 81.
9
Let q = -121 + 125. Suppose f + 128 = 5*f - 3*a, f - 32 = 3*a. Calculate the greatest common divisor of f and q.
4
Suppose 0 = 2*t - 4 - 0. Let s be (t + -1)*(-4 + 42). Suppose -5*o = -s - 157. What is the greatest common factor of 26 and o?
13
Suppose -2*z = -4*l + 46, l = 39*z - 37*z + 7. Calculate the greatest common factor of 169 and l.
13
Let k be (337 - 0 - -2)*-1. Let h = 564 + k. Let o be (8/3)/(6/h). Calculate the highest common divisor of 40 and o.
20
Let g be (2 - 3) + 1 + (-53 - -73). Let f(b) = -11*b + 7. Let p be f(-3). What is the greatest common divisor of p and g?
20
Let u(r) = r**2 - 10*r - 12. Let c be u(11). Let w be (-144)/(-5 - c) - 4. Calculate the highest common divisor of w and 4.
4
Let q be ((-10)/(-8))/((-3)/(-12)). Suppose -6*k = -2*k - 140. Calculate the highest common divisor of k and q.
5
Suppose -2*d = -3*f + 318 + 102, -280 = -2*f - 5*d. Let b = 204 - f. Suppose 2*a - 69 = -5. Calculate the highest common factor of b and a.
32
Let v be ((-2)/(-4))/(8/208). Let m = -16 + v. Let a be (m + 11)/(0 + 2). Calculate the highest common divisor of 4 and a.
4
Let f be (7 + (-1 - 0))/(3/(-4)). Let i be f/(-28) + (-152)/(-7). Calculate the highest common divisor of i and 88.
22
Suppose 0*z - 5*q = z - 47, 0 = z + 2*q - 53. Suppose -59 = 3*b + 2*n, -16 - 14 = 2*b - n. Let f = 21 - b. Calculate the highest common factor of z and f.
19
Let r be 1 + 570/12*6. Suppose 11*d + r = 22*d. Suppose 4*c + 0*i = -i + 518, -3*i = 6. Calculate the highest common factor of d and c.
26
Let c = -694 - -704. What is the greatest common factor of 10 and c?
10
Suppose -5*w + 9 = 4*b + 110, b - 1 = 0. Let l = w + 33. What is the highest common divisor of l and 3?
3
Let j be 1/(4 - 3) - -3. Let y be 462 - (3 + (3 - j)). Let l be (-6)/4 + y/8. Calculate the greatest common factor of l and 14.
14
Let u be 20/(-3)*(-19 - 323/(-38)). What is the highest common divisor of u and 42?
14
Let c = -468 + 562. Calculate the highest common divisor of 329 and c.
47
Suppose 2*p + p - 15 = 0. Suppose -p*o = -8 - 2. Suppose 17 = o*m - 67. What is the highest common divisor of m and 14?
14
Suppose -31*n - 1180 = -33*n. What is the highest common divisor of 10 and n?
10
Let f(w) = 2*w**2 + 3*w + 6. Let x be f(-4). Suppose 16*r = -17*r + 66. Calculate the highest common divisor of x and r.
2
Suppose 3*n - 7*n + 148 = 0. Let z = -26 + n. Suppose 0 = 4*p - 366 + 58. What is the greatest common divisor of p and z?
11
Let c(l) = l**3 + 24*l**2 + 24*l + 30. Let p be c(-23). Calculate the highest common divisor of 1 and p.
1
Let d be (-8)/(-6) - 652/(-6). Suppose 5*n - 62 = -3*f, -5*n - 5*f + 74 - 4 = 0. Calculate the greatest common divisor of n and d.
10
Suppose 34*m = 39*m. Suppose -2*k - 2*q + 334 = 0, 3*q = -m*k - 2*k + 333. Suppose 0 = -4*f - 0*f + 84. Calculate the greatest common factor of f and k.
21
Suppose 6 = z - 108. Calculate the greatest common divisor of z and 76.
38
Suppose 2*k = -4*j + 112, 48 = 19*j - 17*j + 3*k. Calculate the highest common divisor of 130 and j.
10
Let c = -1233 + 1437. Calculate the greatest common divisor of c and 180.
12
Let l(n) be the third derivative of -n**6/120 + n**5/60 - n**3/6 + 12*n**2. Let z be l(-2). What is the highest common factor of 11 and z?
11
Let s(t) = -132*t - 2. Let y be s(-1). Let c = -40 + y. Calculate the greatest common divisor of c and 225.
45
Let f be (0 - 20)*(-6)/12. Calculate the greatest common factor of f and 25.
5
Let b = 49 - 25. Let f(m) = m**3 - 13*m**2 - 25*m - 3. Let g be f(15). Calculate the highest common factor of g and b.
24
Let r(i) = -25*i + 1310. Let n be r(48). Let b = -36 - -16. Let u = -10 - b. Calculate the highest common factor of u and n.
10
Suppose 0 = 2*n + p - 67, p = 2*n - 2*p - 47. Let o = -14 + 8. Let b = o + n. What is the greatest common factor of b and 200?
25
Suppose d + 4*z = -3*d + 156, 195 = 5*d + 2*z. Supp